{"id":9,"date":"2014-01-28T10:36:21","date_gmt":"2014-01-28T08:36:21","guid":{"rendered":"http:\/\/waldhotel-am-stausee.de\/hohenwarte\/?page_id=9"},"modified":"2018-09-06T15:55:43","modified_gmt":"2018-09-06T13:55:43","slug":"geschichte","status":"publish","type":"page","link":"https:\/\/waldhotel-am-stausee.de\/hohenwarte\/ueber-uns\/geschichte\/","title":{"rendered":"Zur Geschichte unseres Hauses"},"content":{"rendered":"<p><a href=\"https:\/\/waldhotel-am-stausee.de\/hohenwarte\/wp-content\/uploads\/2014\/06\/Waldhotel-am-Stausee_Quelle.jpg\"><img loading=\"lazy\" decoding=\"async\" class=\"alignnone wp-image-569 size-full\" src=\"https:\/\/waldhotel-am-stausee.de\/hohenwarte\/wp-content\/uploads\/2014\/06\/Waldhotel-am-Stausee_Quelle.jpg\" alt=\"Waldhotel am Stausee\" width=\"800\" height=\"564\" \/><\/a><\/p>\n<p>Unser Waldhotel wurde in den Jahren 1936 bis 1939 durch die Rosenbrauerei P\u00f6\u00dfneck, urspr\u00fcnglich unter dem Namen \u201eG\u00fcnthers Heil&#8220;, erbaut. Als Hotel und Gastst\u00e4tte, mit traumhaftem Ausblick auf den Hohenwarte Stausee, erfreuten sich schon damals die G\u00e4ste des Hauses an der naturnahen, ruhigen und idyllischen Lage.<\/p>\n<p>W\u00e4hrend des zweiten Weltkrieges musste der Hotel- und Gastst\u00e4ttenbetrieb zun\u00e4chst eingestellt werden, da das Gel\u00e4nde aufgrund seiner strategisch g\u00fcnstigen Lage nun als Wehrmachtsst\u00fctzpunkt f\u00fcr die Luftabwehr, zum Schutz der Talsperre vor feindlichen Luftangriffen, diente. Zwischenzeitlich wurde das Geb\u00e4ude einige Zeit lang als M\u00fcttergenesungsheim f\u00fcr Frauen von Wehrmachtsoffizieren genutzt.<\/p>\n<p>Nach Kriegsende und bis zur Enteignung durch die damalige DDR wurde das Geb\u00e4ude schlie\u00dflich als Ausflugsgastst\u00e4tte genutzt. Von 1948 bis 1952 wurde es zum Betriebsferienheim der Maxh\u00fctte Unterwellenborn umgestaltet. In den Jahren 1952 bis 1990 diente die Anlage, unter dem Namen \u201eAktivist\u201c, als Erholungsheim des Freien Deutschen Gewerkschaftsbundes. Zwischenzeitlich erfolgten auch der Umbau und die Erweiterung der Anlage mit zweiundvierzig Bungalows und die Vergr\u00f6\u00dferung des Hotels.<\/p>\n<p>Im Zeitraum von 1991 bis 1993 wurde die Anlage von der Treuhand verwaltet und schlie\u00dflich am 1. Juli 1993 wieder der Familie Wagner zur\u00fcck\u00fcbertragen.<\/p>\n<p>Im Zuge der letzten Jahre wurde das Hotel kontinuierlich modernisiert und der Neubau der komfortablen Chalets auf dem Hotelgel\u00e4nde realisiert.<\/p>\n","protected":false},"excerpt":{"rendered":"<p>Unser Waldhotel wurde in den Jahren 1936 bis 1939 durch die Rosenbrauerei P\u00f6\u00dfneck, urspr\u00fcnglich unter dem Namen \u201eG\u00fcnthers Heil&#8220;, erbaut. Als Hotel und Gastst\u00e4tte, mit traumhaftem Ausblick auf den Hohenwarte Stausee, erfreuten sich schon damals die G\u00e4ste des Hauses an der naturnahen, ruhigen und idyllischen Lage. W\u00e4hrend des zweiten Weltkrieges musste der Hotel- und Gastst\u00e4ttenbetrieb [&hellip;]<\/p>\n","protected":false},"author":1,"featured_media":0,"parent":11,"menu_order":0,"comment_status":"closed","ping_status":"closed","template":"","meta":{"footnotes":""},"_links":{"self":[{"href":"https:\/\/waldhotel-am-stausee.de\/hohenwarte\/wp-json\/wp\/v2\/pages\/9"}],"collection":[{"href":"https:\/\/waldhotel-am-stausee.de\/hohenwarte\/wp-json\/wp\/v2\/pages"}],"about":[{"href":"https:\/\/waldhotel-am-stausee.de\/hohenwarte\/wp-json\/wp\/v2\/types\/page"}],"author":[{"embeddable":true,"href":"https:\/\/waldhotel-am-stausee.de\/hohenwarte\/wp-json\/wp\/v2\/users\/1"}],"replies":[{"embeddable":true,"href":"https:\/\/waldhotel-am-stausee.de\/hohenwarte\/wp-json\/wp\/v2\/comments?post=9"}],"version-history":[{"count":12,"href":"https:\/\/waldhotel-am-stausee.de\/hohenwarte\/wp-json\/wp\/v2\/pages\/9\/revisions"}],"predecessor-version":[{"id":1211,"href":"https:\/\/waldhotel-am-stausee.de\/hohenwarte\/wp-json\/wp\/v2\/pages\/9\/revisions\/1211"}],"up":[{"embeddable":true,"href":"https:\/\/waldhotel-am-stausee.de\/hohenwarte\/wp-json\/wp\/v2\/pages\/11"}],"wp:attachment":[{"href":"https:\/\/waldhotel-am-stausee.de\/hohenwarte\/wp-json\/wp\/v2\/media?parent=9"}],"curies":[{"name":"wp","href":"https:\/\/api.w.org\/{rel}","templated":true}]}}