{"id":65,"date":"2014-01-28T11:10:31","date_gmt":"2014-01-28T09:10:31","guid":{"rendered":"http:\/\/waldhotel-am-stausee.de\/hohenwarte\/?page_id=65"},"modified":"2022-11-01T11:39:22","modified_gmt":"2022-11-01T09:39:22","slug":"impressum","status":"publish","type":"page","link":"https:\/\/waldhotel-am-stausee.de\/hohenwarte\/impressum\/","title":{"rendered":"Impressum\/Datenschutzerkl\u00e4rung"},"content":{"rendered":"<h2>Impressum<\/h2>\n<p>Waldhotel am Stausee GmbH<br \/>\nAm Stauseeblick 1<br \/>\n07338 Hohenwarte<\/p>\n<p>Telefon: 03 67 32\/ 3 63<br \/>\nFax: 03 67 32\/ 3 64 03<br \/>\nE-Mail: info @ waldhotel-am-stausee.de<br \/>\nInternet: <a href=\"http:\/\/www.waldhotel-am-stausee.de\">www.waldhotel-am-stausee.de<\/a><\/p>\n<p>Zust\u00e4ndige Aufsichtsbeh\u00f6rde: Gewerbeamt Landkreis Saalfeld-Rudolstadt<\/p>\n<p>Umsatzsteuer-Identifikationsnummer:\u00a0DE42593786098<\/p>\n<p>Handelsregister: <span class=\"ln-textbg\">HRB 520060 Amtsgericht Jena<\/span><\/p>\n<h2><strong>Quellennachweis Bildmaterial<\/strong><\/h2>\n<p>Startseite: Maika Hultsch, www.photo-koenig.de, www.midwey.de, Waldhotel am Stausee<br \/>\nAktuelles: Tourismusverbund Rennsteig-Saaleland e.V., Waldhotel am Stausee<br \/>\nDas Waldhotel stellt sich vor: www.photo-koenig.de, Waldhotel am Stausee<br \/>\nZur Geschichte unseres Hauses: www.photo-koenig.de<br \/>\nImpressionen\/Waldhotel: www.photo-koenig.de, Waldhotel am Stausee<br \/>\nImpressionen\/Th\u00fcringer Meer: www.photo-koenig.de, Tourismusverbund Rennsteig-Saaleland e.V., Waldhotel am Stausee<br \/>\nImpressionen\/Videos: www.midwey.de<br \/>\nN\u00e4chtigen, Chalets: www.photo-koenig.de<br \/>\nSpeisen: www.photo-koenig.de, ExQuisine\/Henry Czauderna\/diamant24 (fotolia.com)<br \/>\nSauna &amp; Wellness:\u00a0 www.photo-koenig.de<br \/>\nMassagen: www.photo-koenig.de, RioPatuca Images (fotolia.com)<br \/>\nAktiv sein: Tourismusverbund Rennsteig-Saaleland e.V., www.photo-koenig.de, P. Gerwinat, Gemeinde Hohenwarte, Ostth\u00fcringer Gleitschirmschule, www.erlebnisradtouren-saaleland.de<br \/>\nRundwanderweg Stausee &amp; Internationaler Bergwanderweg: Tourismusverbund Rennsteig-Saaleland e.V., Stefan G\u00f6schka<br \/>\nTourentipps: www.openstreetmap.org, Waldhotel am Stausee<br \/>\ngef\u00fchrte Wanderungen\/Radwanderweg: Andrea Huntemann (fotolia.com), www.photo-koenig.de, Tourismusverbund Rennsteig-Saaleland e.V.<br \/>\nBaden: Nelos\/tinadefortunata (fotolia.com)<br \/>\nSchifffahrt &amp; Boote: Tourismusverbund Rennsteig-Saaleland e.V., Alexander Fritz, Kombus, Peter Gerwinat<br \/>\nWassersport\/Angeln: www.photo-koenig.de, lightpoet\/Otmar Smit\/Visions-AD\/xtr2007 (fotolia.com)<br \/>\nAttraktionen: Tourismusverbund Rennsteig-Saaleland e.V., Ferienlandeisenbahn Crispendorf e.V.<br \/>\nHandwerk: Bergringfoto\/V\u00e1clav Mach\/Africa Studio (fotolia.com)<br \/>\nVeranstaltungen: Tourismusverbund Rennsteig-Saaleland e.V., SonneMondSterne (Tony G\u00fcnther), Stadt Rudolstadt, SilviaHauptmann, Grit Lemnitzer, Beate Graumann<\/p>\n<h1>Datenschutzerkl\u00e4rung<\/h1>\n<p>Die Website waldhotel-am-stausee.de ist die Online-Pr\u00e4senz des Waldhotels am Stausee (Inhaber Volker Kullmann) \u2013 im Sinne der Datenschutzgrundverordnung \u201eder Verantwortliche\u201c. Das Angebot wird \u00fcber ein Rechenzentrum in Deutschland zur Verf\u00fcgung gestellt. Die Website kann pers\u00f6nliche Daten von G\u00e4sten erfassen \u2013 im Sinne der DSGVO: \u201ebetroffene Personen\u201c. Die technischen Details und ihre diesbez\u00fcglichen Rechte werden nachfolgend im Detail beschrieben.<\/p>\n<h3>Protokollierung auf Server-Ebene<\/h3>\n<p>Um durch den Hosting-Anbieter einen reibungslosen technischen Ablauf zu gew\u00e4hrleisten werden alle Aktivit\u00e4ten auf Server-Ebene zeitweise protokolliert.<br \/>\nDie <strong><em>Zugriffslogfiles<\/em><\/strong> der Webserver protokollieren, welche Seitenaufrufe zu welchem Zeitpunkt stattgefunden haben. Sie beinhalten folgende Daten: IP, Verzeichnisschutz-Benutzer, Datum, Uhrzeit, aufgerufene Seiten, Protokolle, Statuscode, Datenmenge, Referer, User Agent. Die Daten werden nach sp\u00e4testens einem Monat gel\u00f6scht.<br \/>\nDie <strong><em>Error-Logfiles<\/em><\/strong> enthalten neben den Fehlermeldungen die zugreifende IP-Adresse und \u2013 je nach Fehler \u2013 die aufgerufene Webseite sowie die Fehlerdetails. Die Daten werden nach sp\u00e4testens einem Monat entfernt.<br \/>\nDie <strong><em>E-Mail-Logfiles<\/em><\/strong> beinhalten die Daten des Versandzeitpunkts, die einliefernde IP-Adresse, die Adresse des Zielservers sowie die Information, wie die E-Mail verarbeitet wurde (Queue-ID, Versendestatus). Die Daten werden nach sp\u00e4testens 7 Tagen entfernt.<\/p>\n<h3>Besucherz\u00e4hler und Tracking<\/h3>\n<p>Im Sinne der Datenschutzgrundverordnung erfassen wir nur so wenige Daten wie m\u00f6glich. \u00dcber die vorgenannten zeitweise gespeicherten Protokollierungen hinaus erfolgt daher <strong><em>keine \u00dcberwachung der Besucherstr\u00f6me<\/em><\/strong> durch lokale oder externe Dienste (wie Google Analytics, Facebook Pixel oder \u00e4hnliches).<\/p>\n<h3>Cookies<\/h3>\n<p>Als Gast kann diese Website <strong><em>ohne das Setzen von Cookies<\/em><\/strong> im Browser benutzt werden. Es werden also weder funktionale Cookies gesetzt, noch Tracking-Cookies, die die Bewegung von Nutzern zu statistischen oder Werbezwecken auswerten.<\/p>\n<h3>Captcha<\/h3>\n<p>Die Sendung von Formulardaten wird \u00fcber Googles Invisible Captcha vor Spam gesch\u00fctzt. Es gelten die <a href=\"https:\/\/policies.google.com\/privacy?hl=de\" target=\"_blank\" rel=\"noopener\">Datenschutzbestimmungen<\/a> und die <a href=\"https:\/\/policies.google.com\/terms?hl=de\" target=\"_blank\" rel=\"noopener\">Nutzungsbedingungen<\/a> von Google. Erfasste Daten: Cookies und Nutzungsdaten. Ort der Verarbeitung: USA.<\/p>\n<h3>Formulare<\/h3>\n<p>\u00dcber diese Website k\u00f6nnen sie uns Informationen zusenden, die auch pers\u00f6nliche Daten enthalten k\u00f6nnen. Wir verlangen im Sinne der Datenschutzgrundverordnung nur die zur Bearbeitung n\u00f6tigen Informationen, wie zum Beispiel Kontaktdaten f\u00fcr eine Antwort oder Adressdaten f\u00fcr Bestellungen. Alle anderen Informationen sind optional. Formulardaten werden per E-Mail verschickt und bei uns zur Bearbeitung ihrer Anfrage lokal gespeichert.<\/p>\n<h3>Externe Inhalte<\/h3>\n<p>Diese Website verwendet folgende Widgets, die externe Inhalte abrufen und dynamisch in die Website einbauen. Durch diese Abrufe k\u00f6nnen die betreffenden Anbieter die bei allen Internetanfragen anfallenden Daten (IP-Adresse, User Agent, Referrer etc.) abrufen.<\/p>\n<ul>\n<li>wetter.info\u00a0\u2013 ein Angebot der <a href=\"https:\/\/www.t-online.de\/wetter\/\" target=\"_blank\" rel=\"noopener\">Deutschen Telekom AG<\/a>. Datenverarbeitung: Deutschland. <a href=\"https:\/\/www.stroeerdigitalpublishing.de\/index.html%3Fp=2614.html\" target=\"_blank\" rel=\"noopener\">Datenschutzerkl\u00e4rung<\/a>.<\/li>\n<li>HolidayCheck \u2013 ein Angebot der <a href=\"https:\/\/www.holidaycheck.de\" target=\"_blank\" rel=\"noopener\">Holiday Check AG<\/a>. Datenverarbeitung: Deutschland. <a href=\"https:\/\/www.holidaycheck.de\/datenschutz\" target=\"_blank\" rel=\"noopener\">Datenschutzerkl\u00e4rung<\/a>.<\/li>\n<\/ul>\n<h3>Google Maps<\/h3>\n<p>Unsere Webseite benutzt Google Maps zur Darstellung von Karten und zur Erstellung von Anfahrtspl\u00e4nen.\u00a0Google Maps wird von Google Inc., 1600 Amphitheatre Parkway, Mountain View, CA 94043, USA betrieben.<\/p>\n<p>Durch den Besuch auf der Webseite erh\u00e4lt Google Informationen dar\u00fcber, dass Sie die entsprechende Seite unseres Webauftrittes aufgerufen haben. Dies erfolgt auch unabh\u00e4ngig davon, ob sie ein Nutzerkonto bei Google haben oder \u00fcber dieses eingeloggt sind. F\u00fcr den Fall, dass sie w\u00e4hrend der Nutzung der Webseite \u00fcber ein Nutzerkonto von Google eingeloggt sind, werden die Daten direkt ihrem Benutzerkonto zugeordnet. Wenn Sie dies nicht w\u00fcnschen, so m\u00fcssen Sie sich vor Nutzung des Dienstes ausloggen.<\/p>\n<p>Durch die Nutzung von Google Maps erkl\u00e4ren Sie sich mit der Erfassung, Bearbeitung sowie der Nutzung der automatisch erhobenen sowie der von Ihnen eingegeben Daten durch Google und ggf. von Drittanbieter einverstanden. Die Nutzungsbedingungen f\u00fcr Google Maps finden Sie unter <a href=\"http:\/\/www.google.com\/intl\/de_de\/help\/terms_maps.html\">Nutzungsbedingungen f\u00fcr Google Maps<\/a>. Ausf\u00fchrliche Details finden Sie unter google.de: <a href=\"http:\/\/www.google.de\/intl\/de\/privacy\/\">Transparenz und Wahlm\u00f6glichkeiten<\/a> sowie <a href=\"http:\/\/www.google.de\/intl\/de\/privacy\/privacy-policy.html\">Datenschutzbestimmungen<\/a>. Das Ihnen zustehende Widerspruchsrecht m\u00fcssen Sie direkt gegen\u00fcber Google aus\u00fcben. \u00dcber Ihre Browsereinstellungen k\u00f6nnen Sie den Google Maps-Dienst deaktivieren (Deaktivierung des JavaScripts im Browser). Eine Nutzung ist dann nicht mehr m\u00f6glich.<\/p>\n<h3>Recht auf Auskunft und Information<\/h3>\n<p>Sie haben das Recht, von uns eine Best\u00e4tigung dar\u00fcber zu verlangen, ob wir von Ihnen personenbezogene Daten gespeichert haben. Ist dies der Fall, geben wir auch gern weitere Informationen zu: Umfang der Daten, Speicherdauer, Speichergrund und Ihren Rechten bez\u00fcglich dieser Daten.<\/p>\n<h3>Recht auf Berichtigung<\/h3>\n<p>Sie haben das Recht, von uns unverz\u00fcglich die Berichtigung Sie betreffender unrichtiger oder unvollst\u00e4ndiger personenbezogener Daten zu verlangen.<\/p>\n<h3>Recht auf Vergessenwerden<\/h3>\n<p>Sie haben das Recht, von uns zu verlangen, dass wir personenbezogene Daten unverz\u00fcglich l\u00f6schen, sofern mindestens einer der folgenden Gr\u00fcnde zutrifft:<\/p>\n<ul>\n<li>Die personenbezogenen Daten sind f\u00fcr die Zwecke, f\u00fcr die sie erhoben oder auf sonstige Weise verarbeitet wurden, nicht mehr notwendig.<\/li>\n<li>Sie widerrufen ihre Einwilligung, auf die sich die Verarbeitung gem\u00e4\u00df\u00a0Artikel 6\u00a0Absatz 1 Buchstabe a oder\u00a0Artikel 9\u00a0Absatz 2 Buchstabe a st\u00fctzte, und es fehlt an einer anderweitigen Rechtsgrundlage f\u00fcr die Verarbeitung.<\/li>\n<li>Sie legen gem\u00e4\u00df\u00a0Artikel 21\u00a0Absatz 1 Widerspruch gegen die Verarbeitung ein und es liegen keine vorrangigen berechtigten Gr\u00fcnde f\u00fcr die Verarbeitung vor, oder die betroffene Person legt gem\u00e4\u00df\u00a0Artikel 21\u00a0Absatz 2 Widerspruch gegen die Verarbeitung ein.<\/li>\n<li>Die personenbezogenen Daten wurden unrechtm\u00e4\u00dfig verarbeitet.<\/li>\n<li>Die L\u00f6schung der personenbezogenen Daten ist zur Erf\u00fcllung einer rechtlichen Verpflichtung nach dem Unionsrecht oder dem Recht der Mitgliedstaaten erforderlich, dem der Verantwortliche unterliegt.<\/li>\n<li>Die personenbezogenen Daten wurden in Bezug auf angebotene Dienste der Informationsgesellschaft gem\u00e4\u00df\u00a0Artikel 8\u00a0Absatz 1 erhoben.<\/li>\n<\/ul>\n<h3>Recht auf Einschr\u00e4nkung der Verarbeitung<\/h3>\n<p>Sie haben das Recht, von uns die Einschr\u00e4nkung der Verarbeitung zu verlangen, wenn eine der folgenden Voraussetzungen gegeben ist:<\/p>\n<ul>\n<li>die Richtigkeit der personenbezogenen Daten von Ihnen bestritten wird;<\/li>\n<li>die Verarbeitung unrechtm\u00e4\u00dfig ist und Sie die L\u00f6schung der personenbezogenen Daten ablehnen und stattdessen die Einschr\u00e4nkung der Nutzung der personenbezogenen Daten verlangen;<\/li>\n<li>wir die personenbezogenen Daten f\u00fcr die Zwecke der Verarbeitung nicht l\u00e4nger ben\u00f6tigen, Sie die Daten jedoch zur Geltendmachung, Aus\u00fcbung oder Verteidigung von Rechtsanspr\u00fcchen ben\u00f6tigen, oder<\/li>\n<li>Sie Widerspruch gegen die Verarbeitung gem\u00e4\u00df\u00a0Artikel 21\u00a0Absatz 1 eingelegt haben, solange noch nicht feststeht, ob die berechtigten Gr\u00fcnde des Verantwortlichen gegen\u00fcber Ihnen \u00fcberwiegen.<\/li>\n<\/ul>\n<h3>Recht auf Daten\u00fcbertragbarkeit<\/h3>\n<p>F\u00fcr den Fall, dass pers\u00f6nliche Daten von Ihnen mithilfe automatisierter Verfahren erfasst wurden, haben Sie haben das Recht, die Sie betreffenden personenbezogenen Daten in einem strukturierten, g\u00e4ngigen und maschinenlesbaren Format zu erhalten. Sie haben das Recht, die so erfassten Daten einem anderen Verantwortlichen ohne Behinderung durch uns zu \u00fcbermitteln.<\/p>\n<h3>Widerspruchsrecht<\/h3>\n<p>Sie haben das Recht, aus Gr\u00fcnden, die sich aus ihrer besonderen Situation ergeben, jederzeit gegen die Verarbeitung Sie betreffender personenbezogener Daten, die aufgrund von\u00a0Artikel 6\u00a0Absatz 1 Buchstaben e oder f erfolgt, Widerspruch einzulegen. Dies gilt auch f\u00fcr ein auf diese Bestimmungen gest\u00fctztes Profiling.\u00a0Wir verarbeiten die personenbezogenen Daten dann nicht mehr, es sei denn, wir k\u00f6nnen zwingende schutzw\u00fcrdige Gr\u00fcnde f\u00fcr die Verarbeitung nachweisen, die die Interessen, Rechte und Freiheiten der betroffenen Person \u00fcberwiegen, oder die Verarbeitung dient der Geltendmachung, Aus\u00fcbung oder Verteidigung von Rechtsanspr\u00fcchen.<\/p>\n<p>Werden personenbezogene Daten verarbeitet, um Direktwerbung zu betreiben, so haben Sie das Recht, jederzeit Widerspruch gegen die Verarbeitung Sie betreffender personenbezogener Daten zum Zwecke derartiger Werbung einzulegen; dies gilt auch f\u00fcr das Profiling, soweit es mit solcher Direktwerbung in Verbindung steht.<\/p>\n<p>Sie haben das Recht, aus Gr\u00fcnden, die sich aus ihrer besonderen Situation ergeben, gegen die sie betreffende Verarbeitung sie betreffender personenbezogener Daten, die zu wissenschaftlichen oder historischen Forschungszwecken oder zu statistischen Zwecken gem\u00e4\u00df\u00a0Artikel 89\u00a0Absatz 1 erfolgt, Widerspruch einzulegen, es sei denn, die Verarbeitung ist zur Erf\u00fcllung einer im \u00f6ffentlichen Interesse liegenden Aufgabe erforderlich.<\/p>\n<h3>Automatisierte Entscheidungen im Einzelfall einschlie\u00dflich Profiling<\/h3>\n<p>Wir nutzten pers\u00f6nliche Daten nicht in einer Art und Weise, bei der Sie\u00a0einer ausschlie\u00dflich auf einer automatisierten Verarbeitung \u2013 einschlie\u00dflich Profiling \u2013 beruhenden Entscheidung unterworfen werden, die Ihnen gegen\u00fcber rechtliche Wirkung entfaltet oder Sie in \u00e4hnlicher Weise erheblich beeintr\u00e4chtigt.<\/p>\n<h3>Recht auf Beschwerde<\/h3>\n<p>Sie haben unbeschadet eines anderweitigen verwaltungsrechtlichen oder gerichtlichen Rechtsbehelfs das Recht auf Beschwerde bei einer Aufsichtsbeh\u00f6rde, insbesondere in dem Mitgliedstaat ihres gew\u00f6hnlichen Aufenthaltsorts, ihres Arbeitsplatzes oder des Orts des mutma\u00dflichen Versto\u00dfes, wenn Sie der Ansicht sind, dass die Verarbeitung der Sie betreffenden personenbezogenen Daten gegen die Datenschutzgrundverordnung verst\u00f6\u00dft.<\/p>\n<h3>Verantwortliche Stelle<\/h3>\n<p>F\u00fcr Nachfragen oder Beschwerden in Bezug auf den Datenschutz mit dieser Site wenden Sie sich bitte an:\u00a0Volker Kullmann, Waldhotel am Stausee,\u00a007333 Unterwellenborn, OT Bucha<\/p>\n<p>Telefon: 03 67 32\/ 3 63 \u2022\u00a0Fax: 03 67 32\/ 3 64 03<br \/>\nE-Mail: info @ waldhotel-am-stausee.de<\/p>\n","protected":false},"excerpt":{"rendered":"<p>Impressum Waldhotel am Stausee GmbH Am Stauseeblick 1 07338 Hohenwarte Telefon: 03 67 32\/ 3 63 Fax: 03 67 32\/ 3 64 03 E-Mail: info @ waldhotel-am-stausee.de Internet: www.waldhotel-am-stausee.de Zust\u00e4ndige Aufsichtsbeh\u00f6rde: Gewerbeamt Landkreis Saalfeld-Rudolstadt Umsatzsteuer-Identifikationsnummer:\u00a0DE42593786098 Handelsregister: HRB 520060 Amtsgericht Jena Quellennachweis Bildmaterial Startseite: Maika Hultsch, www.photo-koenig.de, www.midwey.de, Waldhotel am Stausee Aktuelles: Tourismusverbund Rennsteig-Saaleland e.V., Waldhotel [&hellip;]<\/p>\n","protected":false},"author":1,"featured_media":0,"parent":0,"menu_order":0,"comment_status":"closed","ping_status":"closed","template":"","meta":{"footnotes":""},"_links":{"self":[{"href":"https:\/\/waldhotel-am-stausee.de\/hohenwarte\/wp-json\/wp\/v2\/pages\/65"}],"collection":[{"href":"https:\/\/waldhotel-am-stausee.de\/hohenwarte\/wp-json\/wp\/v2\/pages"}],"about":[{"href":"https:\/\/waldhotel-am-stausee.de\/hohenwarte\/wp-json\/wp\/v2\/types\/page"}],"author":[{"embeddable":true,"href":"https:\/\/waldhotel-am-stausee.de\/hohenwarte\/wp-json\/wp\/v2\/users\/1"}],"replies":[{"embeddable":true,"href":"https:\/\/waldhotel-am-stausee.de\/hohenwarte\/wp-json\/wp\/v2\/comments?post=65"}],"version-history":[{"count":27,"href":"https:\/\/waldhotel-am-stausee.de\/hohenwarte\/wp-json\/wp\/v2\/pages\/65\/revisions"}],"predecessor-version":[{"id":1580,"href":"https:\/\/waldhotel-am-stausee.de\/hohenwarte\/wp-json\/wp\/v2\/pages\/65\/revisions\/1580"}],"wp:attachment":[{"href":"https:\/\/waldhotel-am-stausee.de\/hohenwarte\/wp-json\/wp\/v2\/media?parent=65"}],"curies":[{"name":"wp","href":"https:\/\/api.w.org\/{rel}","templated":true}]}}