{"id":216,"date":"2014-04-24T14:54:28","date_gmt":"2014-04-24T12:54:28","guid":{"rendered":"http:\/\/waldhotel-am-stausee.de\/hohenwarte\/?page_id=216"},"modified":"2014-05-22T13:28:41","modified_gmt":"2014-05-22T11:28:41","slug":"gefuehrte-wanderungen","status":"publish","type":"page","link":"https:\/\/waldhotel-am-stausee.de\/hohenwarte\/aktiv-sein\/wandern\/gefuehrte-wanderungen\/","title":{"rendered":"Gef\u00fchrte Wanderungen"},"content":{"rendered":"<p>Lassen Sie sich (ver)f\u00fchren und begeben Sie sich auf eine interessante Entdeckungsreise mit den ausgebildeten Naturf\u00fchrern unserer Region!<br \/>\nGerne sind wir Ihnen bei der Teilnahme an gef\u00fchrten Wanderungen behilflich und vermitteln Ihnen den Kontakt zu den zertifizierten Natur- und Landschaftsf\u00fchrern unseres Naturparkes Th\u00fcringer Schiefergebirge\/ Obere Saale.<br \/>\nDie ortsk\u00fcndigen Naturf\u00fchrer geleiten Sie zu den sch\u00f6nsten Ecken unserer Urlaubsregion und halten ein umfangreiches Erlebnisangebot f\u00fcr Sie bereit. Neben den beeindruckenden Naturlandschaften am gr\u00f6\u00dften zusammenh\u00e4ngenden Stauseegebiet Europas, erfahren Sei allerlei Wissenswertes und Unterhaltsames, so z.B. zur Geschichte, Geologie sowie zur einheimischen Flora und Fauna.<br \/>\nEin Ausflug mit den Naturf\u00fchrern ist zu jeder Jahreszeit ein einmaliges Erlebnis. Da die Wanderungen und Strecken individuell gestaltet werden, findet hier jeder Naturbegeisterte etwas nach seinem Geschmack. Ob entspannter Sonntagsspaziergang f\u00fcr Alt und Jung oder anspruchsvolle Ganztagestouren f\u00fcr sportliche Wanderfreunde \u2013 hier ist f\u00fcr jeden etwas dabei.<br \/>\nBei Interesse stehen Ihnen unser Servicepersonal oder die Mitarbeiter des Naturparkes Th\u00fcringer Schiefergebirge\/ Obere Saale gern zur Verf\u00fcgung.<\/p>\n<p><a href=\"http:\/\/waldhotel-am-stausee.de\/hohenwarte\/wp-content\/uploads\/2014\/01\/gefuehrte-Wanderungen.jpg\"><img loading=\"lazy\" decoding=\"async\" class=\"alignnone size-full wp-image-368\" alt=\"gefuehrte-Wanderungen\" src=\"http:\/\/waldhotel-am-stausee.de\/hohenwarte\/wp-content\/uploads\/2014\/01\/gefuehrte-Wanderungen.jpg\" width=\"800\" height=\"800\" srcset=\"https:\/\/waldhotel-am-stausee.de\/hohenwarte\/wp-content\/uploads\/2014\/01\/gefuehrte-Wanderungen.jpg 800w, https:\/\/waldhotel-am-stausee.de\/hohenwarte\/wp-content\/uploads\/2014\/01\/gefuehrte-Wanderungen-150x150.jpg 150w, https:\/\/waldhotel-am-stausee.de\/hohenwarte\/wp-content\/uploads\/2014\/01\/gefuehrte-Wanderungen-300x300.jpg 300w\" sizes=\"(max-width: 800px) 100vw, 800px\" \/><\/a><\/p>\n<h3>Links\/Kontakte<\/h3>\n<p><a href=\"http:\/\/www.thueringer-schiefergebirge-obere-saale.de\/Naturparktouren\" target=\"_blank\">Gef\u00fchrte Wanderungen des Naturparks Th\u00fcringer Schiefergebirge\/ ObereSaale<\/a><\/p>\n<p>Naturf\u00fchrer Werner Prei\u00dfler:<br \/>\nTel.: 03671-513677<br \/>\nMobil: 0160-91084933<\/p>\n<p>Naturf\u00fchrer Ingo G\u00f6tze:<br \/>\nTel.: 03671-357390<br \/>\nMobil: 0172-3594670<\/p>\n<p>Naturf\u00fchrer Wolfgang Baumann<br \/>\nTel.: 03647-414041<br \/>\nMobil: 0160-5915520<\/p>\n","protected":false},"excerpt":{"rendered":"<p>Lassen Sie sich (ver)f\u00fchren und begeben Sie sich auf eine interessante Entdeckungsreise mit den ausgebildeten Naturf\u00fchrern unserer Region! Gerne sind wir Ihnen bei der Teilnahme an gef\u00fchrten Wanderungen behilflich und vermitteln Ihnen den Kontakt zu den zertifizierten Natur- und Landschaftsf\u00fchrern unseres Naturparkes Th\u00fcringer Schiefergebirge\/ Obere Saale. Die ortsk\u00fcndigen Naturf\u00fchrer geleiten Sie zu den sch\u00f6nsten Ecken [&hellip;]<\/p>\n","protected":false},"author":2,"featured_media":0,"parent":34,"menu_order":0,"comment_status":"closed","ping_status":"closed","template":"","meta":{"footnotes":""},"_links":{"self":[{"href":"https:\/\/waldhotel-am-stausee.de\/hohenwarte\/wp-json\/wp\/v2\/pages\/216"}],"collection":[{"href":"https:\/\/waldhotel-am-stausee.de\/hohenwarte\/wp-json\/wp\/v2\/pages"}],"about":[{"href":"https:\/\/waldhotel-am-stausee.de\/hohenwarte\/wp-json\/wp\/v2\/types\/page"}],"author":[{"embeddable":true,"href":"https:\/\/waldhotel-am-stausee.de\/hohenwarte\/wp-json\/wp\/v2\/users\/2"}],"replies":[{"embeddable":true,"href":"https:\/\/waldhotel-am-stausee.de\/hohenwarte\/wp-json\/wp\/v2\/comments?post=216"}],"version-history":[{"count":4,"href":"https:\/\/waldhotel-am-stausee.de\/hohenwarte\/wp-json\/wp\/v2\/pages\/216\/revisions"}],"predecessor-version":[{"id":529,"href":"https:\/\/waldhotel-am-stausee.de\/hohenwarte\/wp-json\/wp\/v2\/pages\/216\/revisions\/529"}],"up":[{"embeddable":true,"href":"https:\/\/waldhotel-am-stausee.de\/hohenwarte\/wp-json\/wp\/v2\/pages\/34"}],"wp:attachment":[{"href":"https:\/\/waldhotel-am-stausee.de\/hohenwarte\/wp-json\/wp\/v2\/media?parent=216"}],"curies":[{"name":"wp","href":"https:\/\/api.w.org\/{rel}","templated":true}]}}