{"id":1076,"date":"2017-10-12T15:34:50","date_gmt":"2017-10-12T13:34:50","guid":{"rendered":"http:\/\/waldhotel-am-stausee.de\/hohenwarte\/?page_id=1076"},"modified":"2017-10-12T15:34:50","modified_gmt":"2017-10-12T13:34:50","slug":"buchinger-fasten","status":"publish","type":"page","link":"https:\/\/waldhotel-am-stausee.de\/hohenwarte\/fasten-wanderwochen\/buchinger-fasten\/","title":{"rendered":"Buchinger-Fasten"},"content":{"rendered":"<p>Dr. Otto Buchinger (1878-1966) \u2013 Mediziner und Milit\u00e4rarzt \u2013 erkrankte 1917 an einer schweren Rheumatischen Arthritis, die ihn an den Rollstuhl fesselte. Seine Hilflosigkeit und die der damaligen Medizin bringen ihn dazu, bei Dr. Redlin aus Freiburg Heilfasten nach alten Methoden durchzuf\u00fchren.<\/p>\n<p>Der durchschlagende Erfolg bewog ihn, diese naturheilkundliche Therapie fortan weiter zu entwickeln und diese T\u00e4tigkeit verhalf ihm, seine Existenz zu wahren. Zeitlebens machte er sich selbst sein Fasten zu eigen, bevor er 1966 88-j\u00e4hrig verstirbt.<\/p>\n<p>Buchinger-Fasten (Fasten f\u00fcr Gesunde oder \u201eHeilfasten\u201c) ist der bewusste und freiwillige Verzicht auf feste Nahrung f\u00fcr einen bestimmten Zeitraum.<\/p>\n<p>Die Fastenern\u00e4hrung besteht aus Gem\u00fcsebr\u00fchen, Gem\u00fcse- oder Obsts\u00e4ften, Tee, Honig, Wasser und Zitrone. Auf Genussmittel wie Kaffee, Alkohol oder Nikotin wird verzichtet.<\/p>\n<p>Sich vom Alltag l\u00f6sen, zu sich selbst finden, einen Ausgleich zwischen Bewegung und Entspannung sind kennzeichnend f\u00fcr diese Fastenmethode. All diese Ma\u00dfnahmen f\u00f6rdern die Entgiftung, Ents\u00e4uerung, Ausscheidung, St\u00e4rkung des Immunsystems, Selbstheilungskr\u00e4fte etc.<\/p>\n<p>\u201eHeilfasten\u201c darf nur unter Anleitung eines Fastenarztes erfolgen. Fasten f\u00fcr Gesunde wird durch gepr\u00fcfte Fastenleiter in der Regel f\u00fcr eine Woche angeboten.<\/p>\n<p>Indikationen:\u00a0Diabetes, Bluthochdruck, Lebererkrankungen, Durchblutungsst\u00f6rungen arterieller und ven\u00f6ser Art, degenerative Gelenkerkrankungen, Asthma, Morbus Crohn u.v.m.<\/p>\n<p>Im Zweifelsfalle sollte auf jeden Fall ein Arzt konsultiert werden.<\/p>\n","protected":false},"excerpt":{"rendered":"<p>Dr. Otto Buchinger (1878-1966) \u2013 Mediziner und Milit\u00e4rarzt \u2013 erkrankte 1917 an einer schweren Rheumatischen Arthritis, die ihn an den Rollstuhl fesselte. Seine Hilflosigkeit und die der damaligen Medizin bringen ihn dazu, bei Dr. Redlin aus Freiburg Heilfasten nach alten Methoden durchzuf\u00fchren. Der durchschlagende Erfolg bewog ihn, diese naturheilkundliche Therapie fortan weiter zu entwickeln und [&hellip;]<\/p>\n","protected":false},"author":1,"featured_media":0,"parent":1002,"menu_order":0,"comment_status":"closed","ping_status":"closed","template":"","meta":{"footnotes":""},"_links":{"self":[{"href":"https:\/\/waldhotel-am-stausee.de\/hohenwarte\/wp-json\/wp\/v2\/pages\/1076"}],"collection":[{"href":"https:\/\/waldhotel-am-stausee.de\/hohenwarte\/wp-json\/wp\/v2\/pages"}],"about":[{"href":"https:\/\/waldhotel-am-stausee.de\/hohenwarte\/wp-json\/wp\/v2\/types\/page"}],"author":[{"embeddable":true,"href":"https:\/\/waldhotel-am-stausee.de\/hohenwarte\/wp-json\/wp\/v2\/users\/1"}],"replies":[{"embeddable":true,"href":"https:\/\/waldhotel-am-stausee.de\/hohenwarte\/wp-json\/wp\/v2\/comments?post=1076"}],"version-history":[{"count":1,"href":"https:\/\/waldhotel-am-stausee.de\/hohenwarte\/wp-json\/wp\/v2\/pages\/1076\/revisions"}],"predecessor-version":[{"id":1077,"href":"https:\/\/waldhotel-am-stausee.de\/hohenwarte\/wp-json\/wp\/v2\/pages\/1076\/revisions\/1077"}],"up":[{"embeddable":true,"href":"https:\/\/waldhotel-am-stausee.de\/hohenwarte\/wp-json\/wp\/v2\/pages\/1002"}],"wp:attachment":[{"href":"https:\/\/waldhotel-am-stausee.de\/hohenwarte\/wp-json\/wp\/v2\/media?parent=1076"}],"curies":[{"name":"wp","href":"https:\/\/api.w.org\/{rel}","templated":true}]}}